{"id":10,"date":"2019-07-07T22:55:13","date_gmt":"2019-07-07T20:55:13","guid":{"rendered":"http:\/\/www.lesptitsmatins.fr\/?page_id=10"},"modified":"2024-01-24T10:07:33","modified_gmt":"2024-01-24T09:07:33","slug":"accueil-les-ptits-matins","status":"publish","type":"page","link":"https:\/\/www.lesptitsmatins.fr\/","title":{"rendered":"Accueil"},"content":{"rendered":"\n<div class=\"wp-container-2 wp-block-group\"><div class=\"wp-block-group__inner-container\">\n<div class=\"wp-container-1 wp-block-group\"><div class=\"wp-block-group__inner-container\">\n<p class=\"has-text-align-center has-vivid-red-color has-text-color\"><strong>Suite \u00e0 l&rsquo;arr\u00eat des financements<\/strong><\/p>\n\n\n\n<p class=\"has-text-align-center has-vivid-red-color has-text-color\"><strong>Les P&rsquo;tits matins ont ferm\u00e9 leurs portes le 24 Decembre 2022.<\/strong><\/p>\n\n\n\n<p class=\"has-text-align-center has-vivid-red-color has-text-color\"><strong>Il n y a pas de r\u00e9ouverture programm\u00e9 pour le moment.<\/strong><\/p>\n\n\n\n<p class=\"has-vivid-red-color has-text-color\"><strong>Les P&rsquo;tits Matins souhaite \u00e0 tous ceux qui ont pu en b\u00e9n\u00e9ficier, qui gagneraient \u00e0 en b\u00e9n\u00e9ficier de trouver  un lieu leur permettant de se tenir debout et d&rsquo;avancer.<\/strong><\/p>\n\n\n\n<p class=\"has-vivid-red-color has-text-color\"><strong> Il y a forcement un lieu bon et ressour\u00e7ant pour vous. <\/strong><\/p>\n\n\n\n<p class=\"has-vivid-red-color has-text-color\"><strong>L&rsquo;accueil <em><a href=\"https:\/\/lesptitslesgrands.paris\/\" target=\"_blank\" rel=\"noreferrer noopener\">Les ptits les grands<\/a> <\/em>reste bien entendu ouvert \u00e0 tous, soyez les bienvenus<\/strong><\/p>\n\n\n\n<p class=\"has-vivid-red-color has-text-color\"><strong>Les P&rsquo;tits Matins<\/strong><\/p>\n<\/div><\/div>\n\n\n\n<div class=\"wp-block-image\"><figure class=\"aligncenter size-large is-resized\"><img loading=\"lazy\" src=\"http:\/\/www.lesptitsmatins.fr\/wp-content\/uploads\/2022\/12\/noel-1024x682.jpg\" alt=\"\" class=\"wp-image-357\" width=\"551\" height=\"366\" srcset=\"https:\/\/www.lesptitsmatins.fr\/wp-content\/uploads\/2022\/12\/noel-1024x682.jpg 1024w, https:\/\/www.lesptitsmatins.fr\/wp-content\/uploads\/2022\/12\/noel-300x200.jpg 300w, https:\/\/www.lesptitsmatins.fr\/wp-content\/uploads\/2022\/12\/noel-768x512.jpg 768w, https:\/\/www.lesptitsmatins.fr\/wp-content\/uploads\/2022\/12\/noel-1536x1023.jpg 1536w, https:\/\/www.lesptitsmatins.fr\/wp-content\/uploads\/2022\/12\/noel.jpg 1600w\" sizes=\"(max-width: 551px) 100vw, 551px\" \/><\/figure><\/div>\n\n\n\n<p class=\"has-medium-font-size\"><strong><em>Bonjour<\/em>,<\/strong><\/p>\n<\/div><\/div>\n\n\n\n<blockquote class=\"wp-block-quote\"><p><strong>Nous vous accueillons les Mercredis et Samedis de 9h30 \u00e0 12 heures.<\/strong><\/p><p>Nous vous proposons un accueil en libre acc\u00e8s, sans inscription.<\/p><\/blockquote>\n\n\n\n<blockquote class=\"wp-block-quote\"><p><strong>Les accueillants<\/strong><\/p><p><em>Les P\u2019tits Matins vous souhaite la bienvenue. <\/em><\/p><\/blockquote>\n\n\n\n<div class=\"wp-block-image\"><figure class=\"aligncenter is-resized\"><img loading=\"lazy\" src=\"http:\/\/www.lesptitsmatins.fr\/wp-content\/uploads\/2021\/08\/lplm-1-1024x1024.jpg\" alt=\"\" class=\"wp-image-254\" width=\"186\" height=\"186\" srcset=\"https:\/\/www.lesptitsmatins.fr\/wp-content\/uploads\/2021\/08\/lplm-1-1024x1024.jpg 1024w, https:\/\/www.lesptitsmatins.fr\/wp-content\/uploads\/2021\/08\/lplm-1-150x150.jpg 150w, https:\/\/www.lesptitsmatins.fr\/wp-content\/uploads\/2021\/08\/lplm-1-300x300.jpg 300w, https:\/\/www.lesptitsmatins.fr\/wp-content\/uploads\/2021\/08\/lplm-1-768x768.jpg 768w, https:\/\/www.lesptitsmatins.fr\/wp-content\/uploads\/2021\/08\/lplm-1-100x100.jpg 100w, https:\/\/www.lesptitsmatins.fr\/wp-content\/uploads\/2021\/08\/lplm-1.jpg 2039w\" sizes=\"(max-width: 186px) 100vw, 186px\" \/><\/figure><\/div>\n\n\n<p>Les P&rsquo;tits Matins est un lieu cr\u00e9\u00e9 et articul\u00e9 autour d&rsquo;id\u00e9es, d\u2019exp\u00e9riences, de paroles de familles.&nbsp;<\/p>\n<p>Les P&rsquo;tits Matins sont ouverts les <em><strong>mercredis et samedis de 9h30 \u00e0 12 heures.<br><\/strong><\/em><\/p>\n<ul>\n<li>Un lieu disponible, un lieu o\u00f9 l&rsquo;on peut parler si on le souhaite, se poser, jouer et regarder son enfant \u00e9voluer avec d&rsquo;autres. un lieu pour partager avec d&rsquo;autres parents.<\/li>\n<li><span style=\"line-height: 1.5;\">Un lieu pour \u00eatre l\u00e0 avec d&rsquo;autres.&nbsp;<\/span><\/li>\n<li>un lieu o\u00f9 la parole et la rencontre peuvent se d\u00e9ployer avec des accueillants ouverts et disponibles.<\/li>\n<li>Un accueil singulier, une passerelle possible vers les autres.<\/li>\n<li>Un lieu o\u00f9 l&rsquo;on vient quant on veut et o\u00f9 l&rsquo;on reste le temps que l&rsquo;on veut.<\/li>\n<li>Un accueil anonyme et gratuit.<\/li>\n<\/ul>\n\n\n<div class=\"wp-block-image\"><figure class=\"aligncenter is-resized\"><img loading=\"lazy\" src=\"http:\/\/www.lesptitsmatins.fr\/wp-content\/uploads\/2019\/07\/les-ptits-les-grands-15-e1562595582521.jpg\" alt=\"\" class=\"wp-image-20\" width=\"359\" height=\"229\"\/><\/figure><\/div>\n\n\n\n<p><\/p>\n","protected":false},"excerpt":{"rendered":"<p>Suite \u00e0 l&rsquo;arr\u00eat des financements Les P&rsquo;tits matins ont ferm\u00e9 leurs portes le 24 Decembre 2022. Il n y a pas de r\u00e9ouverture programm\u00e9 pour le moment. Les P&rsquo;tits Matins souhaite \u00e0 tous ceux qui ont pu en b\u00e9n\u00e9ficier, qui gagneraient \u00e0 en b\u00e9n\u00e9ficier de trouver un lieu leur permettant de se tenir debout et &hellip; <\/p>\n<p class=\"link-more\"><a href=\"https:\/\/www.lesptitsmatins.fr\/\" class=\"more-link\">Continuer la lecture<span class=\"screen-reader-text\"> de &laquo;&nbsp;Accueil&nbsp;&raquo;<\/span><\/a><\/p>\n","protected":false},"author":1,"featured_media":0,"parent":0,"menu_order":0,"comment_status":"closed","ping_status":"closed","template":"","meta":[],"yoast_head":"<!-- This site is optimized with the Yoast SEO plugin v19.13 - https:\/\/yoast.com\/wordpress\/plugins\/seo\/ -->\n<title>Accueil - Les P&#039;tits Matins<\/title>\n<meta name=\"description\" content=\"HANDICAP ENFANT, laep, lieu d&#039;accueil enfants parents, que faire avec mon enfant, que faire avec mon b\u00e9b\u00e9, handicap\u00e9, autimes, trisomie, situation de handicap, inclusion, 0-6 ans, maison verte, fran\u00e7oise dolto, les ptits les grands, cr\u00e8che, \u00e9cole, CLIS, IME. MDPH,\" \/>\n<meta name=\"robots\" content=\"index, follow, max-snippet:-1, max-image-preview:large, max-video-preview:-1\" \/>\n<link rel=\"canonical\" href=\"https:\/\/www.lesptitsmatins.fr\/\" \/>\n<meta property=\"og:locale\" content=\"fr_FR\" \/>\n<meta property=\"og:type\" content=\"article\" \/>\n<meta property=\"og:title\" content=\"Accueil - Les P&#039;tits Matins\" \/>\n<meta property=\"og:description\" content=\"HANDICAP ENFANT, laep, lieu d&#039;accueil enfants parents, que faire avec mon enfant, que faire avec mon b\u00e9b\u00e9, handicap\u00e9, autimes, trisomie, situation de handicap, inclusion, 0-6 ans, maison verte, fran\u00e7oise dolto, les ptits les grands, cr\u00e8che, \u00e9cole, CLIS, IME. MDPH,\" \/>\n<meta property=\"og:url\" content=\"https:\/\/www.lesptitsmatins.fr\/\" \/>\n<meta property=\"og:site_name\" content=\"Les P&#039;tits Matins\" \/>\n<meta property=\"article:modified_time\" content=\"2024-01-24T09:07:33+00:00\" \/>\n<meta property=\"og:image\" content=\"http:\/\/www.lesptitsmatins.fr\/wp-content\/uploads\/2022\/12\/noel-1024x682.jpg\" \/>\n<meta name=\"twitter:card\" content=\"summary_large_image\" \/>\n<meta name=\"twitter:label1\" content=\"Dur\u00e9e de lecture est.\" \/>\n\t<meta name=\"twitter:data1\" content=\"2 minutes\" \/>\n<script type=\"application\/ld+json\" class=\"yoast-schema-graph\">{\"@context\":\"https:\/\/schema.org\",\"@graph\":[{\"@type\":\"WebPage\",\"@id\":\"https:\/\/www.lesptitsmatins.fr\/\",\"url\":\"https:\/\/www.lesptitsmatins.fr\/\",\"name\":\"Accueil - Les P&#039;tits Matins\",\"isPartOf\":{\"@id\":\"https:\/\/www.lesptitsmatins.fr\/#website\"},\"datePublished\":\"2019-07-07T20:55:13+00:00\",\"dateModified\":\"2024-01-24T09:07:33+00:00\",\"description\":\"HANDICAP ENFANT, laep, lieu d'accueil enfants parents, que faire avec mon enfant, que faire avec mon b\u00e9b\u00e9, handicap\u00e9, autimes, trisomie, situation de handicap, inclusion, 0-6 ans, maison verte, fran\u00e7oise dolto, les ptits les grands, cr\u00e8che, \u00e9cole, CLIS, IME. MDPH,\",\"breadcrumb\":{\"@id\":\"https:\/\/www.lesptitsmatins.fr\/#breadcrumb\"},\"inLanguage\":\"fr-BE\",\"potentialAction\":[{\"@type\":\"ReadAction\",\"target\":[\"https:\/\/www.lesptitsmatins.fr\/\"]}]},{\"@type\":\"BreadcrumbList\",\"@id\":\"https:\/\/www.lesptitsmatins.fr\/#breadcrumb\",\"itemListElement\":[{\"@type\":\"ListItem\",\"position\":1,\"name\":\"Accueil\",\"item\":\"https:\/\/www.lesptitsmatins.fr\/\"},{\"@type\":\"ListItem\",\"position\":2,\"name\":\"Accueil\"}]},{\"@type\":\"WebSite\",\"@id\":\"https:\/\/www.lesptitsmatins.fr\/#website\",\"url\":\"https:\/\/www.lesptitsmatins.fr\/\",\"name\":\"Les Ptits Matins\",\"description\":\"Un lieu d&#039;accueil pour enfants en situation de handicap et leurs parents\",\"potentialAction\":[{\"@type\":\"SearchAction\",\"target\":{\"@type\":\"EntryPoint\",\"urlTemplate\":\"https:\/\/www.lesptitsmatins.fr\/?s={search_term_string}\"},\"query-input\":\"required name=search_term_string\"}],\"inLanguage\":\"fr-BE\"}]}<\/script>\n<!-- \/ Yoast SEO plugin. -->","yoast_head_json":{"title":"Accueil - Les P&#039;tits Matins","description":"HANDICAP ENFANT, laep, lieu d'accueil enfants parents, que faire avec mon enfant, que faire avec mon b\u00e9b\u00e9, handicap\u00e9, autimes, trisomie, situation de handicap, inclusion, 0-6 ans, maison verte, fran\u00e7oise dolto, les ptits les grands, cr\u00e8che, \u00e9cole, CLIS, IME. MDPH,","robots":{"index":"index","follow":"follow","max-snippet":"max-snippet:-1","max-image-preview":"max-image-preview:large","max-video-preview":"max-video-preview:-1"},"canonical":"https:\/\/www.lesptitsmatins.fr\/","og_locale":"fr_FR","og_type":"article","og_title":"Accueil - Les P&#039;tits Matins","og_description":"HANDICAP ENFANT, laep, lieu d'accueil enfants parents, que faire avec mon enfant, que faire avec mon b\u00e9b\u00e9, handicap\u00e9, autimes, trisomie, situation de handicap, inclusion, 0-6 ans, maison verte, fran\u00e7oise dolto, les ptits les grands, cr\u00e8che, \u00e9cole, CLIS, IME. MDPH,","og_url":"https:\/\/www.lesptitsmatins.fr\/","og_site_name":"Les P&#039;tits Matins","article_modified_time":"2024-01-24T09:07:33+00:00","og_image":[{"url":"http:\/\/www.lesptitsmatins.fr\/wp-content\/uploads\/2022\/12\/noel-1024x682.jpg"}],"twitter_card":"summary_large_image","twitter_misc":{"Dur\u00e9e de lecture est.":"2 minutes"},"schema":{"@context":"https:\/\/schema.org","@graph":[{"@type":"WebPage","@id":"https:\/\/www.lesptitsmatins.fr\/","url":"https:\/\/www.lesptitsmatins.fr\/","name":"Accueil - Les P&#039;tits Matins","isPartOf":{"@id":"https:\/\/www.lesptitsmatins.fr\/#website"},"datePublished":"2019-07-07T20:55:13+00:00","dateModified":"2024-01-24T09:07:33+00:00","description":"HANDICAP ENFANT, laep, lieu d'accueil enfants parents, que faire avec mon enfant, que faire avec mon b\u00e9b\u00e9, handicap\u00e9, autimes, trisomie, situation de handicap, inclusion, 0-6 ans, maison verte, fran\u00e7oise dolto, les ptits les grands, cr\u00e8che, \u00e9cole, CLIS, IME. MDPH,","breadcrumb":{"@id":"https:\/\/www.lesptitsmatins.fr\/#breadcrumb"},"inLanguage":"fr-BE","potentialAction":[{"@type":"ReadAction","target":["https:\/\/www.lesptitsmatins.fr\/"]}]},{"@type":"BreadcrumbList","@id":"https:\/\/www.lesptitsmatins.fr\/#breadcrumb","itemListElement":[{"@type":"ListItem","position":1,"name":"Accueil","item":"https:\/\/www.lesptitsmatins.fr\/"},{"@type":"ListItem","position":2,"name":"Accueil"}]},{"@type":"WebSite","@id":"https:\/\/www.lesptitsmatins.fr\/#website","url":"https:\/\/www.lesptitsmatins.fr\/","name":"Les Ptits Matins","description":"Un lieu d&#039;accueil pour enfants en situation de handicap et leurs parents","potentialAction":[{"@type":"SearchAction","target":{"@type":"EntryPoint","urlTemplate":"https:\/\/www.lesptitsmatins.fr\/?s={search_term_string}"},"query-input":"required name=search_term_string"}],"inLanguage":"fr-BE"}]}},"_links":{"self":[{"href":"https:\/\/www.lesptitsmatins.fr\/index.php\/wp-json\/wp\/v2\/pages\/10"}],"collection":[{"href":"https:\/\/www.lesptitsmatins.fr\/index.php\/wp-json\/wp\/v2\/pages"}],"about":[{"href":"https:\/\/www.lesptitsmatins.fr\/index.php\/wp-json\/wp\/v2\/types\/page"}],"author":[{"embeddable":true,"href":"https:\/\/www.lesptitsmatins.fr\/index.php\/wp-json\/wp\/v2\/users\/1"}],"replies":[{"embeddable":true,"href":"https:\/\/www.lesptitsmatins.fr\/index.php\/wp-json\/wp\/v2\/comments?post=10"}],"version-history":[{"count":43,"href":"https:\/\/www.lesptitsmatins.fr\/index.php\/wp-json\/wp\/v2\/pages\/10\/revisions"}],"predecessor-version":[{"id":367,"href":"https:\/\/www.lesptitsmatins.fr\/index.php\/wp-json\/wp\/v2\/pages\/10\/revisions\/367"}],"wp:attachment":[{"href":"https:\/\/www.lesptitsmatins.fr\/index.php\/wp-json\/wp\/v2\/media?parent=10"}],"curies":[{"name":"wp","href":"https:\/\/api.w.org\/{rel}","templated":true}]}}

<div class="wp-container-2 wp-block-group"><div class="wp-block-group__inner-container">
<div class="wp-container-1 wp-block-group"><div class="wp-block-group__inner-container">
<p class="has-text-align-center has-vivid-red-color has-text-color"><strong>Suite à l&rsquo;arrêt des financements</strong></p>



<p class="has-text-align-center has-vivid-red-color has-text-color"><strong>Les P&rsquo;tits matins ont fermé leurs portes le 24 Decembre 2022.</strong></p>



<p class="has-text-align-center has-vivid-red-color has-text-color"><strong>Il n y a pas de réouverture programmé pour le moment.</strong></p>



<p class="has-vivid-red-color has-text-color"><strong>Les P&rsquo;tits Matins souhaite à tous ceux qui ont pu en bénéficier, qui gagneraient à en bénéficier de trouver  un lieu leur permettant de se tenir debout et d&rsquo;avancer.</strong></p>



<p class="has-vivid-red-color has-text-color"><strong> Il y a forcement un lieu bon et ressourçant pour vous. </strong></p>



<p class="has-vivid-red-color has-text-color"><strong>L&rsquo;accueil <em><a href="https://lesptitslesgrands.paris/" target="_blank" rel="noreferrer noopener">Les ptits les grands</a> </em>reste bien entendu ouvert à tous, soyez les bienvenus</strong></p>



<p class="has-vivid-red-color has-text-color"><strong>Les P&rsquo;tits Matins</strong></p>
</div></div>



<div class="wp-block-image"><figure class="aligncenter size-large is-resized"><img loading="lazy" src="http://www.lesptitsmatins.fr/wp-content/uploads/2022/12/noel-1024x682.jpg" alt="" class="wp-image-357" width="551" height="366" srcset="https://www.lesptitsmatins.fr/wp-content/uploads/2022/12/noel-1024x682.jpg 1024w, https://www.lesptitsmatins.fr/wp-content/uploads/2022/12/noel-300x200.jpg 300w, https://www.lesptitsmatins.fr/wp-content/uploads/2022/12/noel-768x512.jpg 768w, https://www.lesptitsmatins.fr/wp-content/uploads/2022/12/noel-1536x1023.jpg 1536w, https://www.lesptitsmatins.fr/wp-content/uploads/2022/12/noel.jpg 1600w" sizes="(max-width: 551px) 100vw, 551px" /></figure></div>



<p class="has-medium-font-size"><strong><em>Bonjour</em>,</strong></p>
</div></div>



<blockquote class="wp-block-quote"><p><strong>Nous vous accueillons les Mercredis et Samedis de 9h30 à 12 heures.</strong></p><p>Nous vous proposons un accueil en libre accès, sans inscription.</p></blockquote>



<blockquote class="wp-block-quote"><p><strong>Les accueillants</strong></p><p><em>Les P’tits Matins vous souhaite la bienvenue. </em></p></blockquote>



<div class="wp-block-image"><figure class="aligncenter is-resized"><img loading="lazy" src="http://www.lesptitsmatins.fr/wp-content/uploads/2021/08/lplm-1-1024x1024.jpg" alt="" class="wp-image-254" width="186" height="186" srcset="https://www.lesptitsmatins.fr/wp-content/uploads/2021/08/lplm-1-1024x1024.jpg 1024w, https://www.lesptitsmatins.fr/wp-content/uploads/2021/08/lplm-1-150x150.jpg 150w, https://www.lesptitsmatins.fr/wp-content/uploads/2021/08/lplm-1-300x300.jpg 300w, https://www.lesptitsmatins.fr/wp-content/uploads/2021/08/lplm-1-768x768.jpg 768w, https://www.lesptitsmatins.fr/wp-content/uploads/2021/08/lplm-1-100x100.jpg 100w, https://www.lesptitsmatins.fr/wp-content/uploads/2021/08/lplm-1.jpg 2039w" sizes="(max-width: 186px) 100vw, 186px" /></figure></div>


<p>Les P&rsquo;tits Matins est un lieu créé et articulé autour d&rsquo;idées, d’expériences, de paroles de familles.&nbsp;</p>
<p>Les P&rsquo;tits Matins sont ouverts les <em><strong>mercredis et samedis de 9h30 à 12 heures.<br></strong></em></p>
<ul>
<li>Un lieu disponible, un lieu où l&rsquo;on peut parler si on le souhaite, se poser, jouer et regarder son enfant évoluer avec d&rsquo;autres. un lieu pour partager avec d&rsquo;autres parents.</li>
<li><span style="line-height: 1.5;">Un lieu pour être là avec d&rsquo;autres.&nbsp;</span></li>
<li>un lieu où la parole et la rencontre peuvent se déployer avec des accueillants ouverts et disponibles.</li>
<li>Un accueil singulier, une passerelle possible vers les autres.</li>
<li>Un lieu où l&rsquo;on vient quant on veut et où l&rsquo;on reste le temps que l&rsquo;on veut.</li>
<li>Un accueil anonyme et gratuit.</li>
</ul>


<div class="wp-block-image"><figure class="aligncenter is-resized"><img loading="lazy" src="http://www.lesptitsmatins.fr/wp-content/uploads/2019/07/les-ptits-les-grands-15-e1562595582521.jpg" alt="" class="wp-image-20" width="359" height="229"/></figure></div>



<p></p>

<p>Suite à l&rsquo;arrêt des financements Les P&rsquo;tits matins ont fermé leurs portes le 24 Decembre 2022. Il n y a pas de réouverture programmé pour le moment. Les P&rsquo;tits Matins souhaite à tous ceux qui ont pu en bénéficier, qui gagneraient à en bénéficier de trouver un lieu leur permettant de se tenir debout et &hellip; </p>
<p class="link-more"><a href="https://www.lesptitsmatins.fr/" class="more-link">Continuer la lecture<span class="screen-reader-text"> de &laquo;&nbsp;Accueil&nbsp;&raquo;</span></a></p>

<!-- This site is optimized with the Yoast SEO plugin v19.13 - https://yoast.com/wordpress/plugins/seo/ -->
<title>Accueil - Les P&#039;tits Matins</title>
<meta name="description" content="HANDICAP ENFANT, laep, lieu d&#039;accueil enfants parents, que faire avec mon enfant, que faire avec mon bébé, handicapé, autimes, trisomie, situation de handicap, inclusion, 0-6 ans, maison verte, françoise dolto, les ptits les grands, crèche, école, CLIS, IME. MDPH," />
<meta name="robots" content="index, follow, max-snippet:-1, max-image-preview:large, max-video-preview:-1" />
<link rel="canonical" href="https://www.lesptitsmatins.fr/" />
<meta property="og:locale" content="fr_FR" />
<meta property="og:type" content="article" />
<meta property="og:title" content="Accueil - Les P&#039;tits Matins" />
<meta property="og:description" content="HANDICAP ENFANT, laep, lieu d&#039;accueil enfants parents, que faire avec mon enfant, que faire avec mon bébé, handicapé, autimes, trisomie, situation de handicap, inclusion, 0-6 ans, maison verte, françoise dolto, les ptits les grands, crèche, école, CLIS, IME. MDPH," />
<meta property="og:url" content="https://www.lesptitsmatins.fr/" />
<meta property="og:site_name" content="Les P&#039;tits Matins" />
<meta property="article:modified_time" content="2024-01-24T09:07:33+00:00" />
<meta property="og:image" content="http://www.lesptitsmatins.fr/wp-content/uploads/2022/12/noel-1024x682.jpg" />
<meta name="twitter:card" content="summary_large_image" />
<meta name="twitter:label1" content="Durée de lecture est." />
	<meta name="twitter:data1" content="2 minutes" />
<script type="application/ld+json" class="yoast-schema-graph">{"@context":"https://schema.org","@graph":[{"@type":"WebPage","@id":"https://www.lesptitsmatins.fr/","url":"https://www.lesptitsmatins.fr/","name":"Accueil - Les P&#039;tits Matins","isPartOf":{"@id":"https://www.lesptitsmatins.fr/#website"},"datePublished":"2019-07-07T20:55:13+00:00","dateModified":"2024-01-24T09:07:33+00:00","description":"HANDICAP ENFANT, laep, lieu d'accueil enfants parents, que faire avec mon enfant, que faire avec mon bébé, handicapé, autimes, trisomie, situation de handicap, inclusion, 0-6 ans, maison verte, françoise dolto, les ptits les grands, crèche, école, CLIS, IME. MDPH,","breadcrumb":{"@id":"https://www.lesptitsmatins.fr/#breadcrumb"},"inLanguage":"fr-BE","potentialAction":[{"@type":"ReadAction","target":["https://www.lesptitsmatins.fr/"]}]},{"@type":"BreadcrumbList","@id":"https://www.lesptitsmatins.fr/#breadcrumb","itemListElement":[{"@type":"ListItem","position":1,"name":"Accueil","item":"https://www.lesptitsmatins.fr/"},{"@type":"ListItem","position":2,"name":"Accueil"}]},{"@type":"WebSite","@id":"https://www.lesptitsmatins.fr/#website","url":"https://www.lesptitsmatins.fr/","name":"Les Ptits Matins","description":"Un lieu d&#039;accueil pour enfants en situation de handicap et leurs parents","potentialAction":[{"@type":"SearchAction","target":{"@type":"EntryPoint","urlTemplate":"https://www.lesptitsmatins.fr/?s={search_term_string}"},"query-input":"required name=search_term_string"}],"inLanguage":"fr-BE"}]}</script>
<!-- / Yoast SEO plugin. -->

HANDICAP ENFANT, laep, lieu d'accueil enfants parents, que faire avec mon enfant, que faire avec mon bébé, handicapé, autimes, trisomie, situation de handicap, inclusion, 0-6 ans, maison verte, françoise dolto, les ptits les grands, crèche, école, CLIS, IME. MDPH,
